2*s**3 - 21*s**2 + 6*s + 42. Let q be a(-20). Let p = q - 2988. Is p prime?
False
Suppose -21949 = -8*v + 65606 + 45013. Is v prime?
False
Let i be (620 + 9)*(-2 - -6). Let v = i - -65. Is v a composite number?
True
Suppose -p + 0*p = -26428. Let j = -16371 + p. Is j prime?
False
Suppose 50*h = 41*h + 1619073. Is h prime?
True
Suppose -4*f = -v - 5545089, 2*f - 2772537 = 30*v - 31*v. Is f a prime number?
True
Let y(q) = 2*q - 5. Let b be y(5). Suppose b*i + 3*x = 9583, 4*i = 3*i + 3*x + 1931. Is i prime?
False
Let q(j) = 280*j**2 - 10*j + 31. Let n be q(3). Suppose 0 = 5*m + 4*z - 1612 - 10993, -2*z - n = -m. Is m prime?
True
Is 35771/4*10*40/100 prime?
True
Let g = 58079 + -20274. Is g composite?
True
Suppose 5*s + 3*a - 619763 = -141802, 5*s - a - 477953 = 0. Is s prime?
False
Suppose 927*l + 654064 = 943*l. Is l composite?
False
Suppose 2*y - 1193397 = -27*l + 26*l, -2*l - 3*y + 2386795 = 0. Is l a prime number?
True
Let o(l) = l**2 + 4*l + 3. Let b be o(-6). Suppose -3*d = 2*d - b. Suppose d*t + g - 983 = 0, g - 1604 = -4*t - 294. Is t a prime number?
False
Suppose 4*g + 0*g = 2*z - 28, 0 = -4*g - 20. Suppose -a - 70 = -3*x, x = a + z*a. Suppose x = 3*w - 50. Is w prime?
False
Let g be (-24087)/(-12) + -1*(-9)/12. Is ((-5)/4)/(-1)*(g - 12) a composite number?
True
Suppose -42*t + 37*t + 4*l = -8205, 5*l - 3249 = -2*t. Is t prime?
True
Is 334/(-6179) - 69119630/(-74) a prime number?
True
Let c = -119437 + 258116. Is c a composite number?
False
Is (-10)/((-180)/42) - 5538750/(-63) composite?
True
Suppose 3*z = -0*z + 54. Is 3/(z/2553)*2 prime?
False
Suppose -6391479 - 37091 = -32*t + 2332166. Is t prime?
True
Suppose -16*a - 16637 = -3981. Let l = 549 - 961. Let f = l - a. Is f prime?
True
Is (-100)/(-20)*(-4)/16*-469324 prime?
False
Suppose -5421743 = -30*h + 4289947. Is h composite?
True
Suppose 17*b + 5462 + 21143 = 0. Suppose -i - 4344 = 3*i - 2*n, -2*i - 3*n - 2172 = 0. Let f = i - b. Is f a composite number?
False
Let t = -1 + 1. Suppose 4*s + 0*k + 3*k = 43566, -3*s + 2*k + 32666 = 0. Is t + (s/8 - (-6)/(-24)) a prime number?
True
Let l(k) = k**3 - k**2 + 3. Let h be l(2). Is 14/4*444/h - -4 composite?
True
Let y(g) = 33*g**2 - 127*g - 281. Is y(60) composite?
False
Suppose 0 = 2*k - k - u - 18, -u = -5*k + 98. Suppose 24112 = k*y + 7052. Is y composite?
False
Let k(b) = 21431*b - 373. Is k(12) prime?
True
Suppose 38 = -6*j - 16. Is ((-1)/2)/(j/145062) composite?
False
Let w = -41358 - -211655. Is w prime?
False
Is (-34 - 4791675/(-14)) + 9/2 a composite number?
False
Let l(y) = -y**3 - 2*y**2 + 4*y + 5. Let b(d) = -d**3 + 8*d**2 + 8*d + 6. Let h be b(9). Let q be l(h). Is (((-10)/(-6))/(-5))/(q/(-2382)) a prime number?
True
Suppose -144*t + 7303650 + 5199660 + 6333762 = 0. Is t a composite number?
True
Let m be 33/22 + -2 - (-11)/2. Suppose 306566 = 21*c + m*c. Is c a prime number?
False
Is (-72)/(-1764) + 5679880/98 composite?
True
Suppose -d = 4*d - 10. Let b(t) = -t + 5. Let w be b(d). Suppose -w*c + 7561 = 5*g - 0*c, -3*c = g - 1505. Is g composite?
True
Let f = 541599 - 217648. Is f a composite number?
False
Suppose -2693745 - 73842008 = -51*r + 35620030. Is r composite?
False
Let x be -1 - -5 - (12 + -6 - 5). Suppose 77 = 3*k + x*w - 2*w, w = 2. Is (30/k)/6 + 5744/5 a prime number?
False
Let f be -4 + (-66)/(-15) - 26/(-10). Suppose 3*j = -h - f*h + 6167, -j = 2*h - 3081. Is h a composite number?
True
Suppose 0 = -30*z - 31*z + 156953. Is z a prime number?
False
Let f = -56725 - -79494. Is f composite?
False
Let x = 3 - 9. Let f be -1 - -1323 - (-2)/(-4)*x. Suppose 26*c - 21*c = f. Is c a prime number?
False
Let z = 9894 + -4843. Is z prime?
True
Suppose 22*j = -j - 3*j + 5119062. Is j prime?
False
Suppose -35*v = -26*v - 216297. Suppose 25*b = 30*b - 4*n - 30015, 0 = -4*b - n + v. Is b prime?
True
Let u = 186 + -267. Let h = 1187 - u. Suppose 4*l - h = 248. Is l a composite number?
False
Let v = 612228 - 226465. Is v composite?
True
Let y be 137566/8 - (-1)/4. Let i = y - -662. Suppose 0 = 14*g + 4152 - i. Is g prime?
False
Let u(o) = 10*o - 27. Let w be u(6). Let l = w - 29. Suppose c - 3151 = -l*m, -5*c = -0 + 25. Is m a prime number?
False
Let b(q) = q**2 - 25*q + 16. Let c be b(7). Let h = 403 + c. Is h a prime number?
True
Suppose -25222*x + 25199*x - 14646572 = -63961263. Is x composite?
False
Let n(k) = -k**2 - 23*k - 126. Let q be n(-13). Let u(x) = -5 + 1 - 5 + 125*x. Is u(q) composite?
False
Let m = 1184 + -651. Let j(t) = 3*t + 3*t**2 + 3*t - 530 + m - 316*t**3. Is j(-2) composite?
False
Is (1958/(-1246))/((-1)/13517) a composite number?
True
Suppose 5634770 = -16*r + 38*r + 24*r. Is r a composite number?
True
Let q(g) = -11 - g - 1 - 8 - 3. Let w be q(17). Is 12/(-15) + (-217432)/w a composite number?
True
Let k = 197 + -88. Let u = -97 + k. Is 1345 + 5/2 + (-6)/u composite?
True
Let b(p) = -p**3 - 10*p**2 - 6*p + 19. Let t = 55 - 64. Let q be b(t). Is (-2 + 4)/(q/(-2780)) prime?
False
Suppose 1763 + 2337 = 4*v + 4*i, v - 2*i - 1034 = 0. Suppose -v = -2*g + 1274. Is g prime?
True
Suppose 11*u + 49083 = 132243. Suppose -17*d = -7859 - u. Is d prime?
True
Is ((-526314)/(-10))/(6 + 396/(-45) + 3) prime?
False
Suppose 5*c - 161635 = -2*u, -8282 = 5*c + 5*u - 169902. Suppose 9*d = -2098 + c. Is d a prime number?
True
Let b be (3 - (-291754)/30) + (-6)/45. Suppose 2408 + b = 8*z. Is z prime?
False
Is (-562694)/3*18/(-20)*25/15 prime?
False
Let g(v) = 19*v**3 + 3*v**2 - 6*v + 41. Let n(r) = -r**3 + 2*r**2 + 6*r + 13. Let q be n(4). Is g(q) a prime number?
False
Let s = -8809 + 13836. Is s prime?
False
Suppose 2*u - 118941 = 5*p, -u + p + 118961 = u. Is u a composite number?
True
Let z be (7 - (-410)/(-50))/((-3)/88310). Let i = z - 22637. Is i a composite number?
True
Let c(h) = 539*h - 2. Let n(i) = -i**2 + 10*i + 4. Let t be n(-4). Let p = t - -53. Is c(p) prime?
False
Suppose 7 = 2*l - 5*o, 12 + 21 = 5*l + 3*o. Suppose -718 + 13816 = l*s. Is s a composite number?
True
Let p be (6 - (-12 + 14))/(-2). Suppose 0 = -2*t + 3 - 1. Is 7483/7 - (p/t - -2) a prime number?
True
Is (1/2)/((-875817)/41706 - -21) a prime number?
False
Suppose 15238 = w - 3*t, 769*t - 45754 = -3*w + 770*t. Is w a composite number?
True
Let y(s) = 7*s**2 - s + 8. Let h(f) = 3*f + 9. Let x be h(-6). Let k be y(x). Let i = k - -635. Is i prime?
False
Is (138842 - -18*(-8)/24) + 11 composite?
True
Suppose -3*w + 35 = -7. Suppose 98 = -11*o + 54. Is ((-6750)/w)/(-3) + o/(-14) a prime number?
False
Suppose 5*a = -2*g + 1232037, 2*a - 3*g - 355731 = 137080. Is a composite?
True
Suppose -265782 = -4*i + 2*g, 2*i = 4*g + 91027 + 41843. Is i composite?
False
Let n(a) be the third derivative of 169*a**6/120 + a**5/10 - 3*a**4/8 + 5*a**3/6 - 51*a**2 - a. Is n(3) a prime number?
False
Suppose -420*v + 425*v + 41275 = 0. Is -5 - (v/8 + (-6)/48) prime?
False
Let j(v) = 472*v**3 + 2*v**2 + 2*v + 1. Let r be j(-1). Let s = 1064 - r. Suppose 5*y - 10*y = -s. Is y a composite number?
False
Suppose -15*q = 38*q - 35*q - 3006018. Is q composite?
True
Let x = -5244 - -8438. Suppose -r = -4977 - x. Is r prime?
True
Suppose 21 = -19*q + 306. Suppose 0 = 5*p + q, 2*a = 2*p + 4732 + 484. Is a a prime number?
False
Let u = 1287680 + -758185. Is u a composite number?
True
Let b(u) = -6*u**3 - 9*u + 271831. Is b(0) composite?
True
Let w be 9/(-27) - 81958/6. Let t = -7813 - w. Let v = t - 3794. Is v prime?
True
Suppose -2*r - 14 + 26 = 0. Suppose 0 = -r*s + 7*s - 133. Is 115501/s + (-8)/(-14) composite?
True
Is (-18)/(-4) + (-1469429)/(-34) a composite number?
False
Is (3 - 168912*-3)/((-23)/((-299)/39)) composite?
False
Let r(o) = 581*o**3 - o**2 + 6*o - 25. Let x(d) = -582*d**3 + 3*d**2 - 4*d + 24. Let g(s) = 3*r(s) + 2*x(s). Is g(4) prime?
True
Suppose 3*t + 78691 = l, 4*l - 320129 = 5*t - 5365. Is l a prime number?
True
Let t(o) = 9*o - 17. Suppose 4*d = 4*h - 244, 5*d + 156 = 4*h - 151. Let q = d - -69. Is t(q) composite?
False
Suppose 4*d - 8 = 0, 2*h + 3*d - 7585 = 2295. Is h a composite number?
False
Suppose 3*d - 5*n + 160 = -93, 2 = -2*n. Let i = d + 171. Suppose -2*k + i = -93. Is k prime?
True
Let b = 591 + -315. Is ((-12578)/228)/((-2)/b) prime?
False
Suppose -1366 = -5*v - 446. Let w = v - -485. Is w prime?
False
Suppose 0 = -3*p - 2*d - 396, p - 6*p - 664 = 